{"id":468,"date":"2019-06-08T04:59:42","date_gmt":"2019-06-08T02:59:42","guid":{"rendered":"http:\/\/dev.fahrschule-am-sonnfeld.de\/neu\/?page_id=468"},"modified":"2019-06-08T04:59:50","modified_gmt":"2019-06-08T02:59:50","slug":"auffrischunsstunden","status":"publish","type":"page","link":"https:\/\/www.fahrschule-am-sonnfeld.de\/?page_id=468","title":{"rendered":"Auffrischungsstunden"},"content":{"rendered":"\n<ul class=\"wp-block-list\"><li>Du besitzt bereits einen F\u00fchrerschein, bist aber schon l\u00e4nger nicht mehr gefahren oder f\u00fchlst dich noch unsicher im Stra\u00dfenverkehr?<\/li><li>Dir fehlt die Praxis beim Einparken und du m\u00f6chtest dies noch einmal \u00fcben?<\/li><li>Du m\u00f6chtest als Motorradfahrer nach der Winterpause deine Fahrkenntnisse wieder auffrischen?<\/li><\/ul>\n\n\n\n<p>Wir helfen dir mit einem auf dich zugeschnittenem Fahr-Coaching m\u00f6glichst schnell wieder aktiv und sicher am Stra\u00dfenverkehr teilzunehmen.<\/p>\n\n\n\n<p>Du kannst dich gerne an unser B\u00fcro wenden. Wir helfen dir weiter.<\/p>\n","protected":false},"excerpt":{"rendered":"<p>Du besitzt bereits einen F\u00fchrerschein, bist aber schon l\u00e4nger nicht mehr gefahren oder f\u00fchlst dich noch unsicher im Stra\u00dfenverkehr? Dir fehlt die Praxis beim Einparken und du m\u00f6chtest dies noch einmal \u00fcben? Du m\u00f6chtest als Motorradfahrer nach der Winterpause deine Fahrkenntnisse wieder auffrischen? Wir helfen dir mit einem auf dich zugeschnittenem Fahr-Coaching m\u00f6glichst schnell wieder [&hellip;]<\/p>\n","protected":false},"author":1,"featured_media":0,"parent":0,"menu_order":0,"comment_status":"closed","ping_status":"closed","template":"","meta":{"footnotes":""},"class_list":["post-468","page","type-page","status-publish","hentry"],"yoast_head":"<!-- This site is optimized with the Yoast SEO plugin v27.2 - https:\/\/yoast.com\/product\/yoast-seo-wordpress\/ -->\n<title>Auffrischungsstunden - Fahrschule Am Sonnfeld<\/title>\n<meta name=\"robots\" content=\"index, follow, max-snippet:-1, max-image-preview:large, max-video-preview:-1\" \/>\n<link rel=\"canonical\" href=\"https:\/\/www.fahrschule-am-sonnfeld.de\/?page_id=468\" \/>\n<meta property=\"og:locale\" content=\"de_DE\" \/>\n<meta property=\"og:type\" content=\"article\" \/>\n<meta property=\"og:title\" content=\"Auffrischungsstunden - Fahrschule Am Sonnfeld\" \/>\n<meta property=\"og:description\" content=\"Du besitzt bereits einen F\u00fchrerschein, bist aber schon l\u00e4nger nicht mehr gefahren oder f\u00fchlst dich noch unsicher im Stra\u00dfenverkehr? Dir fehlt die Praxis beim Einparken und du m\u00f6chtest dies noch einmal \u00fcben? Du m\u00f6chtest als Motorradfahrer nach der Winterpause deine Fahrkenntnisse wieder auffrischen? Wir helfen dir mit einem auf dich zugeschnittenem Fahr-Coaching m\u00f6glichst schnell wieder [&hellip;]\" \/>\n<meta property=\"og:url\" content=\"https:\/\/www.fahrschule-am-sonnfeld.de\/?page_id=468\" \/>\n<meta property=\"og:site_name\" content=\"Fahrschule Am Sonnfeld\" \/>\n<meta property=\"article:modified_time\" content=\"2019-06-08T02:59:50+00:00\" \/>\n<meta name=\"twitter:card\" content=\"summary_large_image\" \/>\n<script type=\"application\/ld+json\" class=\"yoast-schema-graph\">{\"@context\":\"https:\/\/schema.org\",\"@graph\":[{\"@type\":\"WebPage\",\"@id\":\"https:\/\/www.fahrschule-am-sonnfeld.de\/?page_id=468\",\"url\":\"https:\/\/www.fahrschule-am-sonnfeld.de\/?page_id=468\",\"name\":\"Auffrischungsstunden - Fahrschule Am Sonnfeld\",\"isPartOf\":{\"@id\":\"https:\/\/www.fahrschule-am-sonnfeld.de\/#website\"},\"datePublished\":\"2019-06-08T02:59:42+00:00\",\"dateModified\":\"2019-06-08T02:59:50+00:00\",\"breadcrumb\":{\"@id\":\"https:\/\/www.fahrschule-am-sonnfeld.de\/?page_id=468#breadcrumb\"},\"inLanguage\":\"de\",\"potentialAction\":[{\"@type\":\"ReadAction\",\"target\":[\"https:\/\/www.fahrschule-am-sonnfeld.de\/?page_id=468\"]}]},{\"@type\":\"BreadcrumbList\",\"@id\":\"https:\/\/www.fahrschule-am-sonnfeld.de\/?page_id=468#breadcrumb\",\"itemListElement\":[{\"@type\":\"ListItem\",\"position\":1,\"name\":\"Startseite\",\"item\":\"https:\/\/www.fahrschule-am-sonnfeld.de\/\"},{\"@type\":\"ListItem\",\"position\":2,\"name\":\"Auffrischungsstunden\"}]},{\"@type\":\"WebSite\",\"@id\":\"https:\/\/www.fahrschule-am-sonnfeld.de\/#website\",\"url\":\"https:\/\/www.fahrschule-am-sonnfeld.de\/\",\"name\":\"Fahrschule Am Sonnfeld\",\"description\":\"\",\"potentialAction\":[{\"@type\":\"SearchAction\",\"target\":{\"@type\":\"EntryPoint\",\"urlTemplate\":\"https:\/\/www.fahrschule-am-sonnfeld.de\/?s={search_term_string}\"},\"query-input\":{\"@type\":\"PropertyValueSpecification\",\"valueRequired\":true,\"valueName\":\"search_term_string\"}}],\"inLanguage\":\"de\"}]}<\/script>\n<!-- \/ Yoast SEO plugin. -->","yoast_head_json":{"title":"Auffrischungsstunden - Fahrschule Am Sonnfeld","robots":{"index":"index","follow":"follow","max-snippet":"max-snippet:-1","max-image-preview":"max-image-preview:large","max-video-preview":"max-video-preview:-1"},"canonical":"https:\/\/www.fahrschule-am-sonnfeld.de\/?page_id=468","og_locale":"de_DE","og_type":"article","og_title":"Auffrischungsstunden - Fahrschule Am Sonnfeld","og_description":"Du besitzt bereits einen F\u00fchrerschein, bist aber schon l\u00e4nger nicht mehr gefahren oder f\u00fchlst dich noch unsicher im Stra\u00dfenverkehr? Dir fehlt die Praxis beim Einparken und du m\u00f6chtest dies noch einmal \u00fcben? Du m\u00f6chtest als Motorradfahrer nach der Winterpause deine Fahrkenntnisse wieder auffrischen? Wir helfen dir mit einem auf dich zugeschnittenem Fahr-Coaching m\u00f6glichst schnell wieder [&hellip;]","og_url":"https:\/\/www.fahrschule-am-sonnfeld.de\/?page_id=468","og_site_name":"Fahrschule Am Sonnfeld","article_modified_time":"2019-06-08T02:59:50+00:00","twitter_card":"summary_large_image","schema":{"@context":"https:\/\/schema.org","@graph":[{"@type":"WebPage","@id":"https:\/\/www.fahrschule-am-sonnfeld.de\/?page_id=468","url":"https:\/\/www.fahrschule-am-sonnfeld.de\/?page_id=468","name":"Auffrischungsstunden - Fahrschule Am Sonnfeld","isPartOf":{"@id":"https:\/\/www.fahrschule-am-sonnfeld.de\/#website"},"datePublished":"2019-06-08T02:59:42+00:00","dateModified":"2019-06-08T02:59:50+00:00","breadcrumb":{"@id":"https:\/\/www.fahrschule-am-sonnfeld.de\/?page_id=468#breadcrumb"},"inLanguage":"de","potentialAction":[{"@type":"ReadAction","target":["https:\/\/www.fahrschule-am-sonnfeld.de\/?page_id=468"]}]},{"@type":"BreadcrumbList","@id":"https:\/\/www.fahrschule-am-sonnfeld.de\/?page_id=468#breadcrumb","itemListElement":[{"@type":"ListItem","position":1,"name":"Startseite","item":"https:\/\/www.fahrschule-am-sonnfeld.de\/"},{"@type":"ListItem","position":2,"name":"Auffrischungsstunden"}]},{"@type":"WebSite","@id":"https:\/\/www.fahrschule-am-sonnfeld.de\/#website","url":"https:\/\/www.fahrschule-am-sonnfeld.de\/","name":"Fahrschule Am Sonnfeld","description":"","potentialAction":[{"@type":"SearchAction","target":{"@type":"EntryPoint","urlTemplate":"https:\/\/www.fahrschule-am-sonnfeld.de\/?s={search_term_string}"},"query-input":{"@type":"PropertyValueSpecification","valueRequired":true,"valueName":"search_term_string"}}],"inLanguage":"de"}]}},"_links":{"self":[{"href":"https:\/\/www.fahrschule-am-sonnfeld.de\/index.php?rest_route=\/wp\/v2\/pages\/468","targetHints":{"allow":["GET"]}}],"collection":[{"href":"https:\/\/www.fahrschule-am-sonnfeld.de\/index.php?rest_route=\/wp\/v2\/pages"}],"about":[{"href":"https:\/\/www.fahrschule-am-sonnfeld.de\/index.php?rest_route=\/wp\/v2\/types\/page"}],"author":[{"embeddable":true,"href":"https:\/\/www.fahrschule-am-sonnfeld.de\/index.php?rest_route=\/wp\/v2\/users\/1"}],"replies":[{"embeddable":true,"href":"https:\/\/www.fahrschule-am-sonnfeld.de\/index.php?rest_route=%2Fwp%2Fv2%2Fcomments&post=468"}],"version-history":[{"count":2,"href":"https:\/\/www.fahrschule-am-sonnfeld.de\/index.php?rest_route=\/wp\/v2\/pages\/468\/revisions"}],"predecessor-version":[{"id":470,"href":"https:\/\/www.fahrschule-am-sonnfeld.de\/index.php?rest_route=\/wp\/v2\/pages\/468\/revisions\/470"}],"wp:attachment":[{"href":"https:\/\/www.fahrschule-am-sonnfeld.de\/index.php?rest_route=%2Fwp%2Fv2%2Fmedia&parent=468"}],"curies":[{"name":"wp","href":"https:\/\/api.w.org\/{rel}","templated":true}]}}