{"id":232,"date":"2019-06-01T19:45:24","date_gmt":"2019-06-01T17:45:24","guid":{"rendered":"http:\/\/dev.fahrschule-am-sonnfeld.de\/neu\/?page_id=232"},"modified":"2019-06-01T19:51:14","modified_gmt":"2019-06-01T17:51:14","slug":"ausbildungsinhalte-2","status":"publish","type":"page","link":"https:\/\/www.fahrschule-am-sonnfeld.de\/?page_id=232","title":{"rendered":"Ausbildungsinhalte"},"content":{"rendered":"\n<p>Die theoretische Ausbildung beinhaltet u.a. folgendes:<\/p>\n\n\n\n<ul class=\"wp-block-list\"><li>Beladungsregeln<\/li><li>Fahrzeugdynamik mit Anh\u00e4nger<\/li><li>Fahrzeugtechnik (Anh\u00e4ngerkupplung und -mechanismus)<\/li><\/ul>\n\n\n\n<p><\/p>\n\n\n\n<p>In der praktischen Ausbildung f\u00e4hrst du mit einem entsprechenden Anh\u00e4nger und lernst folgendes:<\/p>\n\n\n\n<ul class=\"wp-block-list\"><li>ruhiges Fahren und richtiges Beschleunigen<\/li><li>Anhalten mit verl\u00e4ngertem Bremsweg<\/li><li>Fahrman\u00f6ver wie z.B. Parken, Wenden und Spurwechsel<\/li><li>An- und Abkuppeln<\/li><\/ul>\n","protected":false},"excerpt":{"rendered":"<p>Die theoretische Ausbildung beinhaltet u.a. folgendes: Beladungsregeln Fahrzeugdynamik mit Anh\u00e4nger Fahrzeugtechnik (Anh\u00e4ngerkupplung und -mechanismus) In der praktischen Ausbildung f\u00e4hrst du mit einem entsprechenden Anh\u00e4nger und lernst folgendes: ruhiges Fahren und richtiges Beschleunigen Anhalten mit verl\u00e4ngertem Bremsweg Fahrman\u00f6ver wie z.B. Parken, Wenden und Spurwechsel An- und Abkuppeln<\/p>\n","protected":false},"author":1,"featured_media":0,"parent":0,"menu_order":0,"comment_status":"closed","ping_status":"closed","template":"","meta":{"footnotes":""},"class_list":["post-232","page","type-page","status-publish","hentry"],"yoast_head":"<!-- This site is optimized with the Yoast SEO plugin v27.2 - https:\/\/yoast.com\/product\/yoast-seo-wordpress\/ -->\n<title>Ausbildungsinhalte - Fahrschule Am Sonnfeld<\/title>\n<meta name=\"robots\" content=\"index, follow, max-snippet:-1, max-image-preview:large, max-video-preview:-1\" \/>\n<link rel=\"canonical\" href=\"https:\/\/www.fahrschule-am-sonnfeld.de\/?page_id=232\" \/>\n<meta property=\"og:locale\" content=\"de_DE\" \/>\n<meta property=\"og:type\" content=\"article\" \/>\n<meta property=\"og:title\" content=\"Ausbildungsinhalte - Fahrschule Am Sonnfeld\" \/>\n<meta property=\"og:description\" content=\"Die theoretische Ausbildung beinhaltet u.a. folgendes: Beladungsregeln Fahrzeugdynamik mit Anh\u00e4nger Fahrzeugtechnik (Anh\u00e4ngerkupplung und -mechanismus) In der praktischen Ausbildung f\u00e4hrst du mit einem entsprechenden Anh\u00e4nger und lernst folgendes: ruhiges Fahren und richtiges Beschleunigen Anhalten mit verl\u00e4ngertem Bremsweg Fahrman\u00f6ver wie z.B. Parken, Wenden und Spurwechsel An- und Abkuppeln\" \/>\n<meta property=\"og:url\" content=\"https:\/\/www.fahrschule-am-sonnfeld.de\/?page_id=232\" \/>\n<meta property=\"og:site_name\" content=\"Fahrschule Am Sonnfeld\" \/>\n<meta property=\"article:modified_time\" content=\"2019-06-01T17:51:14+00:00\" \/>\n<meta name=\"twitter:card\" content=\"summary_large_image\" \/>\n<script type=\"application\/ld+json\" class=\"yoast-schema-graph\">{\"@context\":\"https:\/\/schema.org\",\"@graph\":[{\"@type\":\"WebPage\",\"@id\":\"https:\/\/www.fahrschule-am-sonnfeld.de\/?page_id=232\",\"url\":\"https:\/\/www.fahrschule-am-sonnfeld.de\/?page_id=232\",\"name\":\"Ausbildungsinhalte - Fahrschule Am Sonnfeld\",\"isPartOf\":{\"@id\":\"https:\/\/www.fahrschule-am-sonnfeld.de\/#website\"},\"datePublished\":\"2019-06-01T17:45:24+00:00\",\"dateModified\":\"2019-06-01T17:51:14+00:00\",\"breadcrumb\":{\"@id\":\"https:\/\/www.fahrschule-am-sonnfeld.de\/?page_id=232#breadcrumb\"},\"inLanguage\":\"de\",\"potentialAction\":[{\"@type\":\"ReadAction\",\"target\":[\"https:\/\/www.fahrschule-am-sonnfeld.de\/?page_id=232\"]}]},{\"@type\":\"BreadcrumbList\",\"@id\":\"https:\/\/www.fahrschule-am-sonnfeld.de\/?page_id=232#breadcrumb\",\"itemListElement\":[{\"@type\":\"ListItem\",\"position\":1,\"name\":\"Startseite\",\"item\":\"https:\/\/www.fahrschule-am-sonnfeld.de\/\"},{\"@type\":\"ListItem\",\"position\":2,\"name\":\"Ausbildungsinhalte\"}]},{\"@type\":\"WebSite\",\"@id\":\"https:\/\/www.fahrschule-am-sonnfeld.de\/#website\",\"url\":\"https:\/\/www.fahrschule-am-sonnfeld.de\/\",\"name\":\"Fahrschule Am Sonnfeld\",\"description\":\"\",\"potentialAction\":[{\"@type\":\"SearchAction\",\"target\":{\"@type\":\"EntryPoint\",\"urlTemplate\":\"https:\/\/www.fahrschule-am-sonnfeld.de\/?s={search_term_string}\"},\"query-input\":{\"@type\":\"PropertyValueSpecification\",\"valueRequired\":true,\"valueName\":\"search_term_string\"}}],\"inLanguage\":\"de\"}]}<\/script>\n<!-- \/ Yoast SEO plugin. -->","yoast_head_json":{"title":"Ausbildungsinhalte - Fahrschule Am Sonnfeld","robots":{"index":"index","follow":"follow","max-snippet":"max-snippet:-1","max-image-preview":"max-image-preview:large","max-video-preview":"max-video-preview:-1"},"canonical":"https:\/\/www.fahrschule-am-sonnfeld.de\/?page_id=232","og_locale":"de_DE","og_type":"article","og_title":"Ausbildungsinhalte - Fahrschule Am Sonnfeld","og_description":"Die theoretische Ausbildung beinhaltet u.a. folgendes: Beladungsregeln Fahrzeugdynamik mit Anh\u00e4nger Fahrzeugtechnik (Anh\u00e4ngerkupplung und -mechanismus) In der praktischen Ausbildung f\u00e4hrst du mit einem entsprechenden Anh\u00e4nger und lernst folgendes: ruhiges Fahren und richtiges Beschleunigen Anhalten mit verl\u00e4ngertem Bremsweg Fahrman\u00f6ver wie z.B. Parken, Wenden und Spurwechsel An- und Abkuppeln","og_url":"https:\/\/www.fahrschule-am-sonnfeld.de\/?page_id=232","og_site_name":"Fahrschule Am Sonnfeld","article_modified_time":"2019-06-01T17:51:14+00:00","twitter_card":"summary_large_image","schema":{"@context":"https:\/\/schema.org","@graph":[{"@type":"WebPage","@id":"https:\/\/www.fahrschule-am-sonnfeld.de\/?page_id=232","url":"https:\/\/www.fahrschule-am-sonnfeld.de\/?page_id=232","name":"Ausbildungsinhalte - Fahrschule Am Sonnfeld","isPartOf":{"@id":"https:\/\/www.fahrschule-am-sonnfeld.de\/#website"},"datePublished":"2019-06-01T17:45:24+00:00","dateModified":"2019-06-01T17:51:14+00:00","breadcrumb":{"@id":"https:\/\/www.fahrschule-am-sonnfeld.de\/?page_id=232#breadcrumb"},"inLanguage":"de","potentialAction":[{"@type":"ReadAction","target":["https:\/\/www.fahrschule-am-sonnfeld.de\/?page_id=232"]}]},{"@type":"BreadcrumbList","@id":"https:\/\/www.fahrschule-am-sonnfeld.de\/?page_id=232#breadcrumb","itemListElement":[{"@type":"ListItem","position":1,"name":"Startseite","item":"https:\/\/www.fahrschule-am-sonnfeld.de\/"},{"@type":"ListItem","position":2,"name":"Ausbildungsinhalte"}]},{"@type":"WebSite","@id":"https:\/\/www.fahrschule-am-sonnfeld.de\/#website","url":"https:\/\/www.fahrschule-am-sonnfeld.de\/","name":"Fahrschule Am Sonnfeld","description":"","potentialAction":[{"@type":"SearchAction","target":{"@type":"EntryPoint","urlTemplate":"https:\/\/www.fahrschule-am-sonnfeld.de\/?s={search_term_string}"},"query-input":{"@type":"PropertyValueSpecification","valueRequired":true,"valueName":"search_term_string"}}],"inLanguage":"de"}]}},"_links":{"self":[{"href":"https:\/\/www.fahrschule-am-sonnfeld.de\/index.php?rest_route=\/wp\/v2\/pages\/232","targetHints":{"allow":["GET"]}}],"collection":[{"href":"https:\/\/www.fahrschule-am-sonnfeld.de\/index.php?rest_route=\/wp\/v2\/pages"}],"about":[{"href":"https:\/\/www.fahrschule-am-sonnfeld.de\/index.php?rest_route=\/wp\/v2\/types\/page"}],"author":[{"embeddable":true,"href":"https:\/\/www.fahrschule-am-sonnfeld.de\/index.php?rest_route=\/wp\/v2\/users\/1"}],"replies":[{"embeddable":true,"href":"https:\/\/www.fahrschule-am-sonnfeld.de\/index.php?rest_route=%2Fwp%2Fv2%2Fcomments&post=232"}],"version-history":[{"count":2,"href":"https:\/\/www.fahrschule-am-sonnfeld.de\/index.php?rest_route=\/wp\/v2\/pages\/232\/revisions"}],"predecessor-version":[{"id":236,"href":"https:\/\/www.fahrschule-am-sonnfeld.de\/index.php?rest_route=\/wp\/v2\/pages\/232\/revisions\/236"}],"wp:attachment":[{"href":"https:\/\/www.fahrschule-am-sonnfeld.de\/index.php?rest_route=%2Fwp%2Fv2%2Fmedia&parent=232"}],"curies":[{"name":"wp","href":"https:\/\/api.w.org\/{rel}","templated":true}]}}